. Suppose -117 = y*g - 6*g - 3*n, -5*n - 39 = -2*g. Suppose g*p = 31*p + 20. Let w(b) = b. Give w(p).
-5
Let q = 16836 - 16846. Let v(s) = -s**2 - 7*s + 28. What is v(q)?
-2
Let w(u) = -49 + 22615*u - 45229*u + 22616*u + 38. Suppose -l + 0*l = -10. Determine w(l).
9
Let g be (0 - 3)/((-52)/(-13) - 5). Suppose g*a + 3*l - 10 = a, -3*l + 16 = -4*a. Let n(o) = -38*o - 1. Calculate n(a).
37
Let m(x) = -2*x**2 + 9*x - 2. Let b be 2/(-6)*(-4 - 17). Suppose -9*a = -b*a + 136. Let t = a + 74. Determine m(t).
-20
Let p(g) be the first derivative of -g**4/4 + 2*g**3/3 + 19*g**2 + 2*g + 3414. Give p(-5).
-13
Let q(m) = m**2 - 3*m. Let t(o) = 6*o**2 - 16*o + 1. Let c = 72 + -18. Suppose 4*s - 2*w + 19 = -21, -5*w - c = 4*s. Let k(y) = s*q(y) + 2*t(y). Calculate k(2).
8
Let r(o) be the second derivative of -o**3/2 + 31*o**2/2 + 932*o. Calculate r(-6).
49
Let c(k) be the second derivative of -k**6/40 + k**5/30 + k**4/8 + k**3/3 + 7*k**2 + 3*k - 9. Let d(g) be the first derivative of c(g). Determine d(-1).
4
Let g = -287 + 289. Let r(w) = -2*w**g - 663 + 674 + 3*w**2 + 8*w. Give r(-8).
11
Let s(b) = -10 + 4*b**2 - 15316*b + b**3 + 4*b**2 + 15315*b. Suppose t - 2*t - 8 = 0. Give s(t).
-2
Let v(g) = 2*g**2 + 35*g - 144. Let h be v(-21). Let c(s) = -13 + s + 12 + 4 + h. Let m(q) = -9*q**2 - q. Let b be m(-1). Calculate c(b).
-2
Let w(j) = -14*j + 1. Suppose -27*r + 1271 = -268. Suppose 0 = r*u - 62*u - 5. Give w(u).
15
Let c(y) = 9*y - 2. Let k(r) = 26*r - 5. Let i(h) = -8*c(h) + 3*k(h). Let l(j) = 4*j**2 - 49*j - 38. Let o = 694 + -681. Let z be l(o). What is i(z)?
7
Let p(y) = -y**3 - 6*y**2 + y - 2. Let a = 32 + -27. Let z = a + -1. Suppose 0 = z*r - 7*r - 18. Give p(r).
-8
Let w(l) = -4*l**2 - 16*l + 31. Let r(g) = 5*g**2 + 18*g - 32. Let m(o) = 3*r(o) + 4*w(o). Let s be m(-12). Let t(q) = -q + 3. Calculate t(s).
-1
Let x(o) = -19*o - 369. Suppose 92 = -5*c - 4*r, 2*c - 378*r = -383*r - 30. Give x(c).
11
Let j(g) = -61*g - 846. Let q(t) = -t**3 + 17*t**2 - 58*t + 42. Let x be q(2). Determine j(x).
8
Let v = 13 - 8. Suppose 0*x + 4*x - 25 = -v*i, 2*i - 10 = 0. Let o(t) be the third derivative of -t**4/24 + 3*t**3 + 43*t**2. Give o(x).
18
Let p(x) = -13*x**2 - 8 + 5*x**2 + 6*x**2 + 3*x + 24 + 3*x**2. What is p(-5)?
26
Let d(x) be the first derivative of 11*x**2/2 + 2*x - 616. Give d(1).
13
Let c(f) = -14*f**2 + 9*f + 2. Let b(l) = -5*l**2 + l. Let p be 1*((-2)/8*4 - -2). Let n(g) = p*c(g) - 3*b(g). Determine n(-4).
-6
Let v = -1895 - -1889. Let g(i) = -i**2 - 11*i - 27. What is g(v)?
3
Let z(x) = 7*x**3 - 14*x**2 - 10*x + 6. Let s(u) = u**3 - 4*u**2 - u - 1. Let r(a) = -6*s(a) + z(a). Determine r(-10).
52
Let p = 51 + -23. Let o(i) = -i**3 + i**2 + 1 + 3*i**2 - 25*i + p*i + 5. What is o(5)?
-4
Let i(t) = -20*t**3 + 25*t**2 + 38*t + 7. Let y(p) = 11*p**3 - 13*p**2 - 20*p - 3. Let r(x) = -6*i(x) - 11*y(x). Give r(-6).
3
Let f be -2 + -2 - (-5 + -2 - 2). Suppose -2*j + 2*u - 124 = 6*u, u = f*j + 255. Let y = j - -51. Let q(b) = b + 2. What is q(y)?
1
Let i(m) = -m**3 + 11*m**2 - 10*m - 3. Suppose -970*s + 975*s = -3*a, 52 = 4*a - 2*s. What is i(a)?
-3
Let z be 0 + -11 + 23 - 13. Let p(f) = 29*f - 2. Determine p(z).
-31
Let o be 3 - ((-60)/(-68) - 12/(-102)). Let t(r) = 0*r - 3*r + o*r - r + 3. Calculate t(3).
-3
Let r(c) = 7*c**2 - 17*c - 9. Let q(g) = 13*g**2 - 33*g - 13. Let p(d) = -6*q(d) + 11*r(d). What is p(2)?
-3
Let p(l) be the third derivative of l**5/60 - l**4/2 - 29*l**3/3 + 5*l**2 + l - 163. What is p(11)?
-69
Let w(x) be the second derivative of x**2 - 1/4*x**4 + 15*x - 1/20*x**5 + 2 - 1/6*x**3. Give w(-3).
5
Let y(a) = -a - 1. Suppose x - 12 = -5*x. Suppose 3*h + 4*t + x = 2*h, -7 = -h + 5*t. Let q be 0/4*(-2)/h. What is y(q)?
-1
Suppose 4*g - 3*c - 11 = 0, 15 = 43*c - 46*c. Let x(a) = -31*a**3 + 2*a**2 + 2*a + 1. What is x(g)?
32
Let u(d) = -4*d - 96. Let i be (16/3)/(-8)*(-57)/(-2). Calculate u(i).
-20
Let r(c) = -17 + 0*c + 54 - 3*c - 13 - 14. What is r(11)?
-23
Let r(z) = -3*z**2 - 2*z + 230. Let j be r(-9). Let l(o) = -38*o + 9 + 36*o - 2. Calculate l(j).
-3
Let g(p) = 5*p + 15. Let f be ((1 - 21)/5)/(25 + -24). Determine g(f).
-5
Let z = 1 + 1. Suppose 0 = -g + 3*b - 0 + 2, -z*g = 2*b + 4. Let m(u) = 5*u**3 + 3*u**2 - u - 1. Let v(j) = j**3 - j**2. Let c(t) = m(t) + 2*v(t). What is c(g)?
-6
Let n(j) = 3*j + 3. Let h(y) = -y - 2. Let r(z) = -4*h(z) - 2*n(z). Suppose 0 = 5*q + 2*l - 18, -2 = -5*q + l + l. Calculate r(q).
-2
Let h(l) = -5*l**2 + 60*l - 21. Let w(t) = -3*t**2 + 37*t - 14. Let n(s) = 5*h(s) - 8*w(s). Suppose 4*j = -4*j + 48. Determine n(j).
-5
Let j(d) be the third derivative of -d**6/120 - d**5/60 + d**4/24 + 5*d**3/6 + 2*d**2 + 48*d. Let a(f) = f**2 - f. Let t(n) = 4*a(n) - j(n). Calculate t(-4).
31
Let f(y) = -102*y + 12. Let k be f(-9). Let l(t) = -t - k + 929 + 3*t. What is l(-3)?
-7
Let z(h) = 11*h - 2. Suppose 0 = -5*d - 25, -d = 4*t - 1448 + 1461. Determine z(t).
-24
Let o(m) be the first derivative of 0*m - 7/6*m**3 + 5/12*m**4 + 1/120*m**6 - 1/6*m**5 - 12 + 10*m**2. Let t(w) be the second derivative of o(w). What is t(9)?
2
Let t(k) = 2 + 1 + 0 - k. Let m = -36 + 48. Suppose -m*p - 217 + 133 = 0. Calculate t(p).
10
Let v(j) = j**3 - 3*j - 1. Let s(y) = -6*y**3 + 20*y - 34. Let z(i) = s(i) + 7*v(i). Give z(0).
-41
Let u = -294719/60 + 4912. Let r(o) be the third derivative of -1/2*o**3 + 0 + u*o**5 - 1/12*o**4 + 5*o**2 + 0*o. Calculate r(4).
5
Let o(w) = 12*w + 35. Let i(r) = -223*r - 3572. Let u be i(-16). Calculate o(u).
-13
Let c be 3 + ((-2)/(-4) - 13/(-26)). Let m(p) = -2*p**2 + 4*p - 2. Give m(c).
-18
Let f(d) = d + 7. Let l be 16/(-152) - 306/(-19). Suppose -8*m + l + 96 = 0. Suppose -5*q - 36 - m = 0. Calculate f(q).
-3
Suppose 4*s + 129 = -35. Let t = 44 + s. Let u(a) = -11*a**3 - 8*a**2 - 3*a + 5. Let x(q) = -4*q**3 - 3*q**2 - q + 2. Let n(p) = t*u(p) - 8*x(p). Give n(-1).
1
Let q = 3544 + -3540. Let y(x) be the first derivative of -x**2 - x**3 - q*x + 9 + 1/4*x**4. What is y(3)?
-10
Let k(w) = -224*w**2 + 78*w - 41. Let b(d) = -314*d**2 + 117*d - 61. Let l(a) = -5*b(a) + 7*k(a). Determine l(18).
-36
Let a(j) = -j**3 + 5*j**2 - j - 5. Suppose 0 = -5*f + 34 + 1. Suppose -4*h - 3*z + 25 = 0, -3*h + f*h = 2*z + 10. Calculate a(h).
7
Let f(a) = 1079*a**2 - 3214*a**2 + 1069*a**2 + 1077*a**2 + a**3 + 1 - 12*a. Let l(p) = -p**3 - 7*p**2 - 4*p. Let j be l(-6). Give f(j).
1
Suppose -4*n + 9*n = 285. Let h = 108 - n. Suppose -10*w = -h - 19. Let b(y) = -y**2 + 5*y + 9. Determine b(w).
-5
Let g(o) be the first derivative of -o**5/60 - o**4/4 + o**3/2 + 12*o**2 + 9. Let t(m) be the second derivative of g(m). Give t(-7).
-4
Suppose -284*w = -282*w - 6. Suppose m + w*m = -m. Let h(u) = u + 34. Give h(m).
34
Let j(s) = s**2 - 72*s + 80. Let k(n) = -18*n + 20. Let f(v) = -2*j(v) + 9*k(v). Give f(-10).
0
Let i(z) = z**3 + 4*z**2 - 4*z - 5. Suppose 5 - 1 = 2*q. Let y(t) = t**q - 29 + 160*t - 148*t - 4. Let s be y(-14). Determine i(s).
-10
Let s be (-6)/(-546)*689 - (-8)/(-14). Let b(l) = -l**3 + 8*l**2 - 9*l - 3. What is b(s)?
-17
Let a(j) = 20*j + 142 - 53*j + 24*j + 23*j. Calculate a(-10).
2
Suppose 8*r - 18*r = 40. Let m(z) = 15*z - 3. Let g(k) = 7*k - 2. Let v(c) = -5*g(c) + 2*m(c). Let n(p) = 9*p - 8. Let w(y) = -6*n(y) - 11*v(y). What is w(r)?
0
Let k(l) = 3*l**2 + 18*l - 20. Let m(o) = -o**2 + 158*o - 3747. Let s be m(129). Give k(s).
-20
Suppose q + 13 = x + 2*x, 2*x - 4*q + 8 = 0. Let z = -1 + x. Suppose -z*r + 7 = 42. Let f(n) = -n**2 - 7*n - 3. Calculate f(r).
-3
Let w(v) = v**3 + 2*v**2 + 3*v + 4. Let n(q) = -3*q**3 + 7*q**2 - 33*q - 16. Let o(b) = -n(b) - 2*w(b). Calculate o(8).
32
Let t(g) = g**2 - 22*g + 12. Let s be t(22). Let n(d) = 194 - s*d + d**2 - 207 + 4*d. Determine n(10).
7
Let l(s) = -14*s**3 + s + 1. Let o = 138 + -136. Suppose w = 3*g - 4 + 3, 5*w = -o*g - 22. Calculate l(g).
14
Let l(k) = 6*k**2 - 10*k - 7. Suppose 4*t = 5*j - 14, -2*j = t - j - 1. Calculate l(t).
9
Let o(i) = i**2 - 50*i - 1569. Let l be o(72). Let b(c) be the second derivative of -c**3/6 + 17*c**2/2 + 5*c. Calculate b(l).
2
Let a(z) be the first derivative of -z**3/3 - 4*z**2 - 2*z - 1081. Give a(-11).
-35
Let b = 1842 + -1844. Let a(f) = -9*f**3 - 4*f**2 + 2*f + 5. Determine a(b).
57
Let c be 21 + 0 + 1 - 3. Let s(h) = h**2 - 16